 is the hundred millions digit of 589818904?
5
What is the millions digit of 102080427?
2
What is the tens digit of 136144193?
9
What is the thousands digit of 4802065?
2
What is the units digit of 95596631?
1
What is the millions digit of 241615420?
1
What is the ten millions digit of 1391858431?
9
What is the ten millions digit of 5147213098?
4
What is the thousands digit of 2265869118?
9
What is the thousands digit of 167506859?
6
What is the hundred thousands digit of 294210395?
2
What is the hundreds digit of 102248910?
9
What is the ten millions digit of 328058704?
2
What is the millions digit of 84619448?
4
What is the millions digit of 12942265?
2
What is the hundred thousands digit of 2854206879?
2
What is the hundred millions digit of 2595429527?
5
What is the ten thousands digit of 136864761?
6
What is the units digit of 911817196?
6
What is the hundred thousands digit of 2868313457?
3
What is the tens digit of 1461608405?
0
What is the ten millions digit of 439177495?
3
What is the ten thousands digit of 975597762?
9
What is the millions digit of 21880764?
1
What is the tens digit of 1259173391?
9
What is the thousands digit of 946521061?
1
What is the hundred millions digit of 571658333?
5
What is the hundred millions digit of 1170898843?
1
What is the hundred thousands digit of 152669947?
6
What is the millions digit of 3984034?
3
What is the millions digit of 367854552?
7
What is the hundreds digit of 1045893418?
4
What is the tens digit of 62319837?
3
What is the units digit of 439163838?
8
What is the units digit of 2735174801?
1
What is the tens digit of 37727874?
7
What is the ten thousands digit of 127006336?
0
What is the hundred thousands digit of 23708465?
7
What is the units digit of 1220993092?
2
What is the ten millions digit of 164917203?
6
What is the ten millions digit of 65312614?
6
What is the hundred thousands digit of 35499450?
4
What is the hundred thousands digit of 391068109?
0
What is the thousands digit of 200301472?
1
What is the hundred millions digit of 332643883?
3
What is the hundreds digit of 9149583905?
9
What is the thousands digit of 142541933?
1
What is the millions digit of 40250293?
0
What is the units digit of 2234918913?
3
What is the tens digit of 200377215?
1
What is the ten millions digit of 880052523?
8
What is the hundreds digit of 251592328?
3
What is the tens digit of 1457144?
4
What is the thousands digit of 317807874?
7
What is the hundreds digit of 430782016?
0
What is the thousands digit of 3050633050?
3
What is the hundred thousands digit of 373500709?
5
What is the millions digit of 280884972?
0
What is the hundred millions digit of 285971878?
2
What is the millions digit of 478276767?
8
What is the thousands digit of 2572964?
2
What is the hundred thousands digit of 7294667?
2
What is the hundred thousands digit of 2354039?
3
What is the hundred thousands digit of 4016650?
0
What is the thousands digit of 273601898?
1
What is the thousands digit of 39034440?
4
What is the hundreds digit of 614866679?
6
What is the hundred thousands digit of 6846181073?
1
What is the tens digit of 468790926?
2
What is the tens digit of 485094572?
7
What is the thousands digit of 287698561?
8
What is the hundred millions digit of 2834601026?
8
What is the ten millions digit of 102121180?
0
What is the units digit of 95868623?
3
What is the hundreds digit of 33038630?
6
What is the ten millions digit of 927484057?
2
What is the ten millions digit of 2914426923?
1
What is the hundreds digit of 299097960?
9
What is the millions digit of 1488397753?
8
What is the units digit of 708532233?
3
What is the ten thousands digit of 50658050?
5
What is the units digit of 238391393?
3
What is the millions digit of 385341223?
5
What is the thousands digit of 4564803835?
3
What is the hundreds digit of 1701602455?
4
What is the units digit of 114662545?
5
What is the units digit of 271431179?
9
What is the thousands digit of 29811811?
1
What is the hundred thousands digit of 35652745?
6
What is the ten thousands digit of 39236402?
3
What is the millions digit of 2654028023?
4
What is the billions digit of 1695559976?
1
What is the hundreds digit of 2728270703?
7
What is the millions digit of 2772089?
2
What is the units digit of 758156907?
7
What is the thousands digit of 999932884?
2
What is the hundred thousands digit of 3147146132?
1
What is the thousands digit of 48243831?
3
What is the tens digit of 52894437?
3
What is the tens digit of 45470935?
3
What is the tens digit of 538238598?
9
What is the hundred thousands digit of 70696081?
6
What is the hundreds digit of 396795279?
2
What is the millions digit of 2465060222?
5
What is the ten millions digit of 99368428?
9
What is the ten thousands digit of 844745760?
4
What is the millions digit of 849298856?
9
What is the ten millions digit of 60614226?
6
What is the hundred thousands digit of 9064717?
0
What is the thousands digit of 21389?
1
What is the hundred thousands digit of 619032959?
0
What is the units digit of 1330775595?
5
What is the tens digit of 91009201?
0
What is the hundred millions digit of 432844046?
4
What is the units digit of 30025169?
9
What is the units digit of 33968552?
2
What is the millions digit of 88347174?
8
What is the units digit of 34536785?
5
What is the ten thousands digit of 204127798?
2
What is the tens digit of 387478513?
1
What is the ten thousands digit of 9485095397?
9
What is the ten thousands digit of 7946946230?
4
What is the ten millions digit of 51562408?
5
What is the thousands digit of 73434722?
4
What is the tens digit of 8379404524?
2
What is the units digit of 5432672645?
5
What is the millions digit of 484181285?
4
What is the millions digit of 66946036?
6
What is the hundreds digit of 72055430?
4
What is the millions digit of 7805616135?
5
What is the units digit of 6252806?
6
What is the tens digit of 381132765?
6
What is the ten thousands digit of 85632724?
3
What is the tens digit of 572859078?
7
What is the ten millions digit of 617772978?
1
What is the tens digit of 62528962?
6
What is the ten millions digit of 12181033?
1
What is the hundreds digit of 252778391?
3
What is the ten thousands digit of 36629651?
2
What is the thousands digit of 73777714?
7
What is the tens digit of 975890382?
8
What is the hundred millions digit of 2916653973?
9
What is the units digit of 51173429?
9
What is the ten millions digit of 38858069?
3
What is the hundreds digit of 15821216?
2
What is the hundreds digit of 98982777?
7
What is the tens digit of 613954061?
6
What is the thousands digit of 64507756?
7
What is the units digit of 5277144?
4
What is the hundred thousands digit of 5935959563?
9
What is the ten millions digit of 3635715998?
3
What is the millions digit of 1195799404?
5
What is the hundred thousands digit of 15552249?
5
What is the units digit of 152867052?
2
What is the tens digit of 2201821123?
2
What is the ten millions digit of 292928392?
9
What is the ten thousands digit of 25427069?
2
What is the ten thousands digit of 81665494?
6
What is the ten thousands digit of 63862078?
6
What is the ten thousands digit of 251525083?
2
What is the millions digit of 71637175?
1
What is the thousands digit of 46719161?
9
What is the tens digit of 33898557?
5
What is the hundreds digit of 496907141?
1
What is the ten thousands digit of 206601032?
0
What is the ten millions digit of 12112724?
1
What is the hundred millions digit of 2497028197?
4
What is the thousands digit of 3256373495?
3
What is the ten thousands digit of 179174924?
7
What is the tens digit of 33003614?
1
What is the ten thousands digit of 3667454314?
5
What is the hundred millions digit of 2640478468?
6
What is the ten millions digit of 54200946?
5
What is the hundred thousands digit of 900087245?
0
What is the ten thousands digit of 937601033?
0
What is the hundred thousands digit of 84940227?
9
What is the billions digit of 2146093989?
2
What is the thousands digit of 159792370?
2
What is the hundred thousands digit of 54200488?
2
What is the hundred thousands digit of 1362492884?
4
What is the tens digit of 8345409070?
7
What is the ten millions digit of 49556860?
4
What is the ten millions digit of 436379768?
3
What is the hundreds dig